 base 10
149
Convert -2e6 (base 16) to base 3.
-1000111
-1311 (base 7) to base 2
-111110010
What is -2000010 (base 3) in base 9?
-2003
What is -8116 (base 15) in base 8?
-65156
113144 (base 5) to base 11
3155
Convert -24136 (base 13) to base 6.
-1230044
-3152 (base 6) to base 12
-4b8
892 (base 11) to base 14
565
What is -50331 (base 6) in base 2?
-1100111001111
345 (base 15) to base 5
10430
What is 11121 (base 7) in base 2?
101011111000
Convert -2c8 (base 15) to base 3.
-212122
-8a9 (base 11) to base 5
-13322
16712 (base 8) to base 9
11413
24200 (base 5) to base 15
800
What is -110202201 (base 3) in base 15?
-2b57
What is -578 (base 11) in base 15?
-310
What is -97 (base 11) in base 15?
-71
134 (base 11) to base 16
9e
-101100101 (base 2) to base 7
-1020
5b1 (base 13) to base 7
2612
-30273 (base 12) to base 10
-62583
What is 243 (base 11) in base 16?
121
1645 (base 12) to base 10
2645
Convert -598d (base 15) to base 12.
-b021
Convert -4221 (base 10) to base 12.
-2539
What is 122000 (base 3) in base 6?
2043
What is -442321 (base 6) in base 14?
-d5d7
Convert -216 (base 11) to base 10.
-259
Convert -894 (base 12) to base 2.
-10011110000
-41618 (base 9) to base 15
-821b
Convert 103111 (base 4) to base 3.
1200211
-22123 (base 4) to base 11
-557
Convert 1720 (base 10) to base 7.
5005
1100011011 (base 2) to base 13
492
11203232 (base 4) to base 2
101100011101110
-1293 (base 16) to base 11
-3633
3695 (base 10) to base 4
321233
-1430 (base 9) to base 3
-1111000
Convert -5976 (base 10) to base 13.
-2949
2745 (base 11) to base 14
1422
What is -55264 (base 9) in base 7?
-211624
What is 127704 (base 8) in base 6?
544152
Convert -19b (base 14) to base 7.
-654
Convert 1223 (base 7) to base 5.
3313
762 (base 8) to base 13
2c4
Convert -8096 (base 12) to base 14.
-5118
Convert -177 (base 11) to base 7.
-412
What is -20220102 (base 3) in base 16?
-13a9
What is -100010100110 (base 2) in base 13?
-1014
2b3 (base 12) to base 4
12213
What is -1001 (base 4) in base 15?
-45
-3435 (base 12) to base 11
-43a4
Convert 2155 (base 11) to base 3.
10220022
What is 110322 (base 4) in base 16?
53a
What is 1351 (base 13) in base 7?
11035
Convert 8a3 (base 14) to base 15.
791
-1324211 (base 5) to base 11
-1915a
-770 (base 8) to base 9
-620
1104234 (base 5) to base 7
110216
Convert -2465 (base 7) to base 12.
-655
Convert 11100001000 (base 2) to base 15.
800
What is -72e (base 15) in base 3?
-2012222
What is b90 (base 14) in base 3?
10010112
Convert 10100010 (base 2) to base 7.
321
What is -10002222122 (base 3) in base 13?
-21b39
What is 8891 (base 13) in base 10?
19046
-5e86 (base 15) to base 12
-b7b3
Convert 4240 (base 5) to base 15.
280
Convert 9a21 (base 14) to base 4.
12200331
Convert 79a (base 13) to base 5.
20220
Convert -10a (base 13) to base 16.
-b3
-5b9 (base 13) to base 5
-12442
386 (base 14) to base 11
592
12715 (base 8) to base 15
19c1
Convert -11100110101110 (base 2) to base 14.
-554a
Convert 20807 (base 12) to base 8.
123207
What is -41341 (base 7) in base 9?
-14787
Convert -7967 (base 10) to base 13.
-381b
b45 (base 16) to base 13
140c
Convert 30442 (base 5) to base 13.
ba8
Convert -11052 (base 6) to base 11.
-1184
Convert 1020120 (base 3) to base 8.
1612
Convert 10222222002 (base 3) to base 6.
1404215
Convert 7c7 (base 16) to base 8.
3707
27db (base 14) to base 8
15615
What is 166 (base 11) in base 13?
11b
What is -113 (base 16) in base 9?
-335
Convert -22040 (base 5) to base 7.
-4301
Convert 1001332 (base 5) to base 11.
109a2
24404 (base 8) to base 3
112101220
What is db8 (base 15) in base 12?
1962
b24 (base 16) to base 14
107a
-53425 (base 7) to base 8
-31701
What is -4265 (base 9) in base 7?
-12101
What is 564 (base 8) in base 3?
111210
What is 1010001110011 (base 2) in base 12?
3043
-10422 (base 5) to base 3
-1000022
Convert -278a9 (base 13) to base 6.
-1330320
2762 (base 10) to base 2
101011001010
-16a2 (base 16) to base 3
-21221121
Convert -3331 (base 6) to base 5.
-11100
233 (base 10) to base 7
452
Convert -24541 (base 9) to base 10.
-16480
Convert -2413 (base 12) to base 9.
-5486
-1121212111 (base 3) to base 9
-47774
Convert -151401 (base 6) to base 5.
-431432
What is 68a3 (base 13) in base 9?
22106
Convert 42224 (base 6) to base 13.
279a
3de (base 15) to base 6
4032
120101211 (base 3) to base 15
34d7
What is 16110 (base 7) in base 12?
2743
What is 3332 (base 4) in base 6?
1102
-23014 (base 5) to base 11
-1256
Convert 35231 (base 7) to base 8.
21516
-12630 (base 7) to base 8
-6512
5237 (base 8) to base 9
3651
Convert -57152 (base 10) to base 4.
-31331000
What is -2313 (base 6) in base 4?
-20211
Convert -375 (base 10) to base 9.
-456
What is 3ea (base 16) in base 2?
1111101010
-404d (base 16) to base 13
-7653
Convert ab7 (base 16) to base 14.
ddd
3101 (base 5) to base 3
112212
What is -372d (base 16) in base 9?
-21334
111110001 (base 2) to base 10
497
What is -1436 (base 9) in base 10?
-1086
What is -106123 (base 8) in base 3?
-1211021111
What is -2525 (base 6) in base 9?
-768
-21015 (base 6) to base 13
-138b
Convert 2251 (base 7) to base 2.
1100110100
-290 (base 15) to base 4
-21021
What is 2b82 (base 15) in base 11?
7028
-422015 (base 6) to base 10
-34139
-2220 (base 7) to base 11
-666
What is -2055 (base 6) in base 2?
-111010011
-43a8 (base 12) to base 7
-30533
-59a (base 12) to base 5
-11323
What is -211c (base 13) in base 6?
-33124
Convert 2615 (base 14) to base 11.
5026
What is 3048 (base 9) in base 10?
2231
What is 120223 (base 7) in base 8?
52334
1010100010 (base 2) to base 13
3cb
Convert 1bc7 (base 13) to base 9.
5707
Convert -1221212110 (base 3) to base 6.
-454233
Convert -17204 (base 8) to base 12.
-4630
-3103 (base 6) to base 13
-40b
10100101100 (base 2) to base 14
6a8
Convert -414 (base 15) to base 6.
-4131
What is 12121110 (base 3) in base 9?
5543
Convert -5015 (base 14) to base 10.
-13739
Convert -5b (base 15) to base 4.
-1112
Convert -11110000110 (base 2) to base 13.
-b52
Convert 1533 (base 15) to base 5.
121143
Convert 413 (base 12) to base 5.
4331
Convert 28616 (base 11) to base 9.
61712
Convert 24907 (base 11) to base 8.
105566
Convert 24435 (base 6) to base 7.
13364
Convert 111221211 (base 3) to base 14.
39ca
Convert -4600 (base 9) to base 6.
-23430
Convert -32561 (base 7) to base 4.
-1333301
What is -32c (base 14) in base 4?
-21310
What is -b01e (base 15) in base 3?
-1212222002
What is -8b7 (base 12) in base 4?
-110023
-13a (base 15) to base 5
-2110
What is -796d (base 16) in base 11?
-2139a
What is -110040 (base 7) in base 6?
-225020
Convert -21d (base 14) to base 4.
-12203
What is -4243 (base 5) in base 4?
-20331
22540 (base 6) to base 13
1614
-1f7 (base 16) to base 13
-2c9
Convert 20331 (base 5) to base 12.
939
412111 (base 6) to base 13
11c6b
Convert -55213 (base 8) to base 5.
-1220204
-2ad9 (base 16) to base 13
-4cba
a9a (base 13) to base 8
3431
Convert -202202 (base 3) to base 14.
-2c0
Convert -1439 (base 11) to base 12.
-10a9
What is -860 (base 13) in base 2?
-10110010110
What is -352 (base 9) in base 13?
-194
What is -3593 (base 13) in base 10?
-7556
What is -ac (base 14) in base 10?
-152
100001101 (base 2) to base 4
10031
What is 101110000000010 (base 2) in base 8?
56002
What is 100 (base 4) in base 9?
17
1261 (base 9) to base 5
12241
102001 (base 5) to base 16
d30
Convert -208 (base 13) to base 7.
-1003
22672 (base 8) to base 10
9658
-214534 (base 6) to base 14
-6758
2532 (base 6) to base 15
2c2
-4041 (base 5) to base 7
-1343
What is 6150 (base 10) in base 7?
23634
Convert 28977 (base 11) to base 10.
41103
Convert 112221101 (base 3) to base 9.
15841
What is a998 (base 16) in base 15?
cce6
Convert -10010011001101 (base 2) to base 13.
-4399
Convert -549 (base 12) to base 10.
-777
Convert -200221 (base 3) to base 12.
-367
What is -562a (base 11) in base 4?
-1303311
What is -300 (base 12) in base 11?
-363
Convert -5351 (base 10) to base 5.
-132401
-4695 (base 16) to base 8
-43225
Convert 304431 (base 5) to base 2.
10011100000111
What is -3a48 (base 15) in base 6?
-133335
Convert -170 (base 11) to base 10.
-198
What is -691 (base 12) in base 16?
-3cd
Convert 132 (base 4) to base 16.
1e
-4666 (base 9) to base 3
-11202020
-719 (base 11) to base 16
-363
What is -c75 (base 13) in base 10?
-2124
What is 100110000101000 (base 2) in ba